1 = -3*w - 4*n - 6, 2*w = -5*n + 45. Let k be (14/w)/(1/5). Suppose -k*v + 2*i = -186, -v - 2*i = i - 97. What is the tens digit of v?
9
Let v = -24 - -26. Let f be v + (-1 - 0 - 4). What is the units digit of 89/(-7 - f - -5)?
9
Let u = 650 - 649. Let c(p) be the third derivative of 41*p**6/40 - p**5/30 + p**4/12 - p**3/6 + 2*p**2. What is the units digit of c(u)?
2
Suppose -t + 744 + 670 = 5*k, -3*k + t = -850. Let p = k - -945. What is the thousands digit of p?
1
Let m be 9*1 - 20/(1 + 3). What is the units digit of m/10 - 51825/(-125)?
5
Suppose 261 = -27*w + 30*w. Suppose 4*f + 4838 = 5*n, 0 = n + f - w - 877. Suppose 0*i = 6*i - n. What is the hundreds digit of i?
1
Let m(a) = 20*a + 9. Let o be m(6). Let k = -89 + o. What is the units digit of ((-84)/(-2))/((k/28)/5)?
7
Let h(v) = 473*v**2 - 7*v - 14. Let n be h(-3). Suppose p + 1517 = 5*b - n, 5*b = 5*p + 5765. What is the hundreds digit of b?
1
Let o be (-2 + 8 + -6)/(-3). Suppose -81*r + 147825 - 53865 = o. What is the hundreds digit of r?
1
Suppose -3*c = 3*u - 33684, 2*c - 34585 = -5*u + 21558. What is the hundreds digit of u?
2
Suppose 4 = 22*z + 4. Suppose z = 17*b - 13215 + 1808. What is the tens digit of b?
7
Suppose s = n - 170, 0 = n + 5*s - 2*s - 158. Let w(t) = 0*t + 6*t + 0*t - n + 172 + 2*t**2. What is the hundreds digit of w(-10)?
1
Let n(d) = -d**3 - 69*d**2 - 8*d + 216. What is the units digit of n(-69)?
8
Suppose 0 = -3*t - 3*t + 144. Let r(g) = -11*g - 19. Let v be r(-7). Let w = v - t. What is the tens digit of w?
3
Let c be 6/(-18) + (-6456)/(-9). Suppose 12*i - c + 5553 = 0. Let w = i + 596. What is the hundreds digit of w?
1
What is the ten thousands digit of (-4)/(-38) - 55720845/(-2337)?
2
Let j = -4 + 11. Suppose 0*n = -j*n + 1092. Suppose 4*o - n = -4*d, -28 - 202 = -5*d + 2*o. What is the tens digit of d?
4
Let x be (((-234465)/14)/(-11))/(2/4). What is the tens digit of x/14*(-20)/(-15)?
9
Suppose 0 = 9*m - 11*m + 8. Suppose 2*v + 668 + 771 = 5*g, 0 = m*g + 2*v - 1162. What is the tens digit of g?
8
Let u = 2737 + -1660. What is the thousands digit of u?
1
Let n(j) = -1333*j + 418. What is the hundreds digit of n(-3)?
4
Suppose -4*z - 16 = 4*z. What is the tens digit of 1*z*(-242)/22?
2
Suppose 0 = -7*a + 4060 + 25424. Suppose 5*r = -4*p + a, -p - 4*r = r - 1038. What is the tens digit of p?
5
Let l(m) = -140*m - 55. Let g be l(-2). Suppose 3*b + 4*n - 79 = 0, 5*n = 4*b - 107 - 19. Suppose g = -26*q + b*q. What is the units digit of q?
5
Let r = 54025 - 32233. What is the thousands digit of r?
1
Let s(f) = -f**2 + 50*f + 914. What is the hundreds digit of s(41)?
2
What is the units digit of (15/(-2))/((-483)/464002)?
5
Let t(f) be the second derivative of 3*f**5/20 - 5*f**4/12 + 2*f**3/3 - 26*f. Let d be t(2). What is the units digit of 0 + d + (-15)/5*1?
9
What is the tens digit of (7 - 478/8)/(3/(-108))?
9
Let l = -40 - -42. Suppose -2*k + 8 - l = 0. Suppose 5*v + y = 4*v + 127, -v + 131 = k*y. What is the hundreds digit of v?
1
Suppose -18*b - 6*b - 17*b = -351903. What is the units digit of b?
3
Let w(v) = 612*v**3 + 11*v**2 - 2*v - 13. Let r(f) = 305*f**3 + 6*f**2 - f - 7. Let j(l) = 5*r(l) - 3*w(l). What is the hundreds digit of j(-1)?
3
Let r(w) = 9*w**2 + w - 1. Let p be r(-4). Let i = p - 16. Let n = 213 - i. What is the units digit of n?
0
What is the thousands digit of (-6 + (-64)/(-10))/((-12)/(-256560))?
8
Let u = -2 + 3. Suppose -4*g = u + 7. What is the hundreds digit of ((-276)/g)/1*2/2?
1
Let q = -40 + 121. Let u = -30 + q. What is the tens digit of u?
5
Let j(t) = 19*t - 167. Let d be j(9). Suppose 0 = -5*f + d*y + 1983, 8*f - 4*y = 9*f - 411. What is the tens digit of f?
9
Suppose 29*c - 23*c = 3486. Suppose 569 + c = d. What is the hundreds digit of d?
1
Suppose 0 = m + d - 3*d - 1450, -2*m + 2906 = -d. Suppose m = 34*b - 1402. What is the units digit of b?
4
Let a = 76027 + -48111. What is the units digit of a?
6
Let p be (0 + -1)*-14*(-11)/(-22). Let z(y) = 9*y**2 - 20*y + 76. What is the hundreds digit of z(p)?
3
Suppose -7180104 = -570*d + 7136016. What is the tens digit of d?
1
Let f(d) = -121*d**3 + 5*d - 14. Let j be f(2). Let o = 506 - j. What is the thousands digit of o?
1
Let j(i) = -10 + 21 - i**2 - 9 + i**3 - 3*i. Let p be j(2). Suppose -3*y + 2*v + 510 = 0, 2*y + p*v - 340 = -v. What is the hundreds digit of y?
1
Let x(h) = -2*h**3 + 17*h**2 - 19*h + 4. Let a be x(6). Let s = a + 225. What is the hundreds digit of s?
2
Let b be 1 + (7 - (-3 - -8)). Suppose b*u = -9, 5*k - 1855 = -4*u + 2143. What is the tens digit of k?
0
Let f be -1 - 16/(-2) - 0. Let d(z) = -13 + 11 + 21*z - 26 - 6*z - 1. What is the units digit of d(f)?
6
Let o(a) = -4*a**2 + 3*a - 21. Let y(h) = h**2 - 2*h - 39. Let l be y(-6). Let c be o(l). What is the tens digit of (-1)/(((-4)/c)/(-2))?
5
Suppose 5*b = 7*b + 5*t, 0 = 5*b + 4*t. Suppose b = 20*m - 20503 - 2997. What is the thousands digit of m?
1
Let d(o) = 55*o**2 + 62*o + 1012. What is the thousands digit of d(-12)?
8
Suppose -4*u = -4*i + 128, 1 = 4*u + 9. What is the units digit of -3 - (-15)/3 - i/(-1)?
2
Let d be (1 + -4)/(-10 - (-693)/72). Suppose d*z = 5*z + 1341. What is the tens digit of z?
4
Let t(b) = -6*b**3 + 9*b**2 + 40*b - 3. What is the hundreds digit of t(-5)?
7
Suppose -11 = 5*d - 2*k - 34, -3*k = -5*d + 22. What is the units digit of (-140)/56*(-766)/d?
3
Let t be (-970)/4 + (-3)/6. Suppose 3300 = 10*q + 4750. Let r = q - t. What is the tens digit of r?
9
Let b = -266 + 266. Suppose 4*x - u - 3345 = b, -x + 2510 = 2*x - u. What is the hundreds digit of x?
8
Let h(c) = 1 - 15 - 26 + 9*c. Let j be h(9). Suppose -j - 16 = -3*s. What is the units digit of s?
9
Let j(d) = 1968*d - 1258. What is the ten thousands digit of j(9)?
1
What is the units digit of (10/(320/12)*1654)/((-15)/(-140))?
9
Suppose -14*z - 16*z + 172598 + 22342 = 0. What is the thousands digit of z?
6
Suppose 100 = -o + 7. Let m = 33 - o. What is the units digit of m - -1 - (-16 - -16)?
7
Suppose -10 = 4*u - m - 4*m, 0 = -2*u - 5*m + 10. Suppose 0*d + d = -k - 6, u = k - d + 10. What is the units digit of 771/12 + (-6)/k?
5
Suppose 2*b + 3*b = -1975. Let r(q) = -2*q + 580. Let o be r(10). Let x = b + o. What is the hundreds digit of x?
1
Suppose 0 = -4*x + 2*x + 6. Let w be (3/(-11))/(55/(-605)). Suppose -m - 1 = -w*f - 43, 4*m = -x*f + 213. What is the tens digit of m?
5
Let n = 8505 - -3646. What is the thousands digit of n?
2
Let h be -6*3*1/(-9) - -10. Suppose -h*i = -21*i + 2016. What is the tens digit of i?
2
Suppose -2*g + 16 = 3*p, 3*g = 5*p + 2 - 16. Let f = 70 + g. What is the tens digit of f?
7
Let n(m) = m - 3. Let c be n(-2). Let b(r) = 3*r**2 - r - 4. What is the units digit of b(c)?
6
Let v(y) = -y**2 - 25*y + 10. Let m = -108 + 89. What is the tens digit of v(m)?
2
Let a = 30 - 25. Suppose 3*u + a = 8. What is the units digit of 8 + -5 + u + 10?
4
Suppose -2*m + 10 = 0, -3*y + 274*m - 273*m = -29482. What is the hundreds digit of y?
8
Let a(r) = -169*r + 58. Let k be a(-6). Suppose 1313 + k = 3*t. What is the hundreds digit of t?
7
Let k be (-1)/((-14)/124) + 16/112. Suppose -3*o = 3*m + k, 4*o - 2*m = 15 + 3. Suppose j - o*j + 126 = 0. What is the tens digit of j?
2
Suppose 0*x - 750404 = -26*x - 3*x. What is the hundreds digit of x?
8
Suppose 102794 = 3*b - 2*t, 363*t - 102790 = -3*b + 367*t. What is the units digit of b?
6
Let o = -708 - -1047. Suppose o = 126*s - 123*s. Let y = s + -43. What is the tens digit of y?
7
Let x(q) = -q**2 - 22*q - 24. Let j be x(-21). Let a be (-35)/4 + j/12. What is the units digit of ((-98)/10)/(a/45)?
9
Suppose 6*d - 9737 = 1687. Let r(w) = -1901 + 39*w**2 + d + 2*w + 0*w. What is the hundreds digit of r(-2)?
1
Suppose 0 = 111*w - 116*w + 57430. What is the units digit of w?
6
Let p be 1434/26 + (-16)/104. Suppose -14*u + 15*u - 42 = 0. Let h = p - u. What is the tens digit of h?
1
Suppose 0 = -3*p + 3*i + 186 + 249, -430 = -3*p + 2*i. Let h be -87 - -1 - (-18 - -19). Let t = p + h. What is the tens digit of t?
5
Suppose -783*h + 773*h = 9990 - 91980. What is the hundreds digit of h?
1
Suppose 6*i = 4*i + 84. Suppose -t - i = 76. Let x = t + 189. What is the tens digit of x?
7
Let j(x) = -23*x**2 + 3*x + 1. Let n be j(4). Let l = n - -146. Let r = -122 - l. What i